) = -4*n + 188. Calculate y(47).
0
Let b(m) = -m - 3. Calculate b(-3).
0
Let u(i) = i**2 - 37*i + 178. Give u(31).
-8
Let x(s) = 2*s**2 + 23*s + 13. What is x(-10)?
-17
Let z(y) = 9*y**2 + 3*y - 10. Calculate z(2).
32
Let a(c) = -c**3 - 7*c**2 - 6*c + 2. Determine a(-6).
2
Let g(i) = -i**2 - 19*i - 8. Determine g(-17).
26
Let h(m) = 39*m - 7. Give h(2).
71
Let r(v) = v**3 - 3*v**2 - 5*v + 5. Give r(4).
1
Let d(r) = 3*r**2 - 4*r - 4. Give d(-2).
16
Let i(v) = v**3 + 9*v**2 - 26*v + 3. Give i(-11).
47
Let z(p) = -19*p + 182. What is z(10)?
-8
Let f(y) = -y + 3. What is f(2)?
1
Let h(q) = -14*q + 96. What is h(7)?
-2
Let t(v) = v**3 + 15*v**2 + 14*v. Calculate t(-14).
0
Let j(v) = v**2 + 3*v - 10. Give j(3).
8
Let n(i) = 4*i + 13. Determine n(-6).
-11
Let j(n) = -2*n**2 + 12*n + 19. Give j(10).
-61
Let x(j) = 6*j - 17. Give x(2).
-5
Let u(s) = -7*s**2 - 1. Calculate u(-1).
-8
Let g(n) = n**3 + 3*n**2 - 2*n + 8. What is g(-4)?
0
Let l(t) = 2*t**3 - 11*t**2 + 6*t - 6. Calculate l(5).
-1
Let f(w) = 8*w + 85. What is f(-8)?
21
Let y(d) = -d**3 - 52*d**2 - 101*d - 64. Calculate y(-50).
-14
Let r(w) = 2*w**2 + 12*w - 28. Determine r(2).
4
Let o(z) = -z**3 - 2*z - 7. What is o(0)?
-7
Let l(i) = i**2 + 1. What is l(2)?
5
Let i(h) = -2*h**2 + 40*h - 19. Give i(19).
19
Let b(v) = v**2 + 2*v + 1. Calculate b(-3).
4
Let n(z) = -11*z - 14. Calculate n(-4).
30
Let i(u) = -u**3 + 4*u**2 + u + 19. Determine i(6).
-47
Let j(s) = 6*s + 109. Give j(-15).
19
Let f(b) = 19*b**2 + b. Give f(1).
20
Let j(c) = -c**3 - 9*c**2 - 10*c + 31. Determine j(-7).
3
Let r(d) = -30*d - 69. Calculate r(-2).
-9
Let j(i) = i**3 - 15*i - 4. What is j(4)?
0
Let s(x) = x**3 + 11*x**2 + 4*x + 38. Calculate s(-11).
-6
Let l(u) = u**2 - 2*u - 2. Determine l(2).
-2
Let q(g) = -g**2 - 15*g - 28. Determine q(-12).
8
Let s(n) = -46*n. Determine s(-1).
46
Let s(n) = n**3 - 12*n**2 + 7*n + 58. Determine s(11).
14
Let l(y) = 9*y - 65. Give l(10).
25
Let i(m) = -4*m**2 + 4*m - 2. Give i(4).
-50
Let y(l) = 7*l**2 + 8*l - 1. What is y(-3)?
38
Let y(x) = x**2 - 25*x + 98. Calculate y(19).
-16
Let p(t) = -73*t + 437. What is p(6)?
-1
Let l(o) = -8*o - 117. What is l(-14)?
-5
Let t(a) = 2*a**3 - a**2 - 44*a + 8. Calculate t(5).
13
Let j(r) = r**3 + 6*r**2 - 15*r - 8. Determine j(-8).
-16
Let k(g) = -2*g + 50. What is k(16)?
18
Let c(i) = 10*i + 64. Determine c(-6).
4
Let a(f) = -f**2 - 8*f + 10. Calculate a(-11).
-23
Let p(v) = -2*v - 6. Determine p(-8).
10
Let y(n) = -n**3 - n**2 + 3*n + 3. Determine y(3).
-24
Let b(o) = o + 20. Calculate b(-17).
3
Let m(k) = -2*k**2 - 23*k - 52. What is m(-11)?
-41
Let n(a) = 3*a**3 - 5*a**2 + 4*a + 1. Determine n(3).
49
Let q(c) = -c**2 + 14*c - 58. Calculate q(7).
-9
Let c(l) = -l**3 + l**2 + l - 83. Determine c(0).
-83
Let z(w) = -w**3 + 2*w**2 - 3*w + 1. Determine z(2).
-5
Let i(b) = 4*b**3 + b**2 - 2*b - 3. Determine i(-2).
-27
Let h(a) = 5*a + 24. What is h(-7)?
-11
Let o(i) = 3*i**2 + 5*i + 1. Calculate o(-4).
29
Let v(i) = 6*i + 1. What is v(0)?
1
Let q(s) = -s**3 - 21*s**2 - 23*s + 3. Determine q(-20).
63
Let t(a) = -3*a - 167. Calculate t(-55).
-2
Let x(s) = -s**2 + 4*s - 9. What is x(4)?
-9
Let g(x) = -x**2 + 10*x + 100. What is g(15)?
25
Let j(o) = 10*o + 2. What is j(-1)?
-8
Let g(q) = -q**3 + 7*q**2 - 3*q - 7. What is g(6)?
11
Let w(x) = -17*x - 5. Give w(-5).
80
Let o(x) = -x**2 - 7*x + 1. Calculate o(-3).
13
Let u(z) = z**3 + 5*z**2 - 13*z - 39. Give u(-6).
3
Let z(k) = -k**3 + 15*k**2 - 14*k - 3. Give z(14).
-3
Let n(l) = l**3 - 8*l**2 - 26*l + 15. What is n(10)?
-45
Let d(x) = -x**3 + 8*x**2 - 15*x - 1. Calculate d(5).
-1
Let m(i) = 7*i - 2. Determine m(-1).
-9
Let n(i) = -6*i**2 - 4*i - 3. Give n(-1).
-5
Let b(f) = -11*f**2 + 3*f + 2. What is b(-1)?
-12
Let l(a) = -a**2 + 8*a - 2. Determine l(6).
10
Let t(g) = 27*g - 7. What is t(2)?
47
Let c(g) = 3*g + 10. Give c(-6).
-8
Let d(g) = 2*g**2 + 8*g + 1. What is d(-6)?
25
Let y(n) = -n**3 + 2*n**2 + 10*n - 15. Give y(4).
-7
Let x(f) = 6*f + 91. What is x(-10)?
31
Let q(b) = -b**3 - 11*b**2 - 7*b + 3. Determine q(-10).
-27
Let h(j) = -11*j + 10. Determine h(1).
-1
Let b(h) = -h - 4. Calculate b(-4).
0
Let i(a) = -a**3 + 6*a**2 + 3*a + 24. What is i(7)?
-4
Let u(p) = 2*p**2 - 25*p + 49. Give u(10).
-1
Let k(j) = -j**3 + 8*j**2 - 14*j + 30. Determine k(6).
18
Let j(s) = s**3 - 12*s**2 - 26*s - 25. What is j(14)?
3
Let p(j) = -j**2 + 4*j + 8. Give p(9).
-37
Let q(m) = 11*m**2 - 2*m - 1. Determine q(-1).
12
Let o(l) = -l**2 + 18*l - 25. What is o(19)?
-44
Let x(o) = -o - 6. What is x(5)?
-11
Let j(h) = -h**3 + 4*h**2 + 9*h. Calculate j(-4).
92
Let d(q) = 22*q - 45. Give d(8).
131
Let v(u) = -u**2 + 5*u + 12. Give v(7).
-2
Let m(d) = d**2 - 5*d + 7. Determine m(2).
1
Let r(m) = 2*m**3 + 7*m**2 + 4*m + 7. Calculate r(-4).
-25
Let z(p) = -p**3 - 7*p**2 - 6*p - 10. Determine z(-6).
-10
Let m(b) = -b**2 + b - 14. Give m(5).
-34
Let f(m) = -28*m - 7. Determine f(1).
-35
Let b(k) = -2*k**2 - 2*k - 7. Calculate b(0).
-7
Let j(m) = 12*m + 7. Calculate j(-1).
-5
Let p(l) = -3*l - 33. Give p(-11).
0
Let o(m) = 2*m**2 - 4*m - 5. What is o(6)?
43
Let j(b) = b**3 - 16*b**2 + 5*b - 91. Calculate j(16).
-11
Let h(j) = -j**3 - 2*j**2 + 2*j - 14. Determine h(-3).
-11
Let p(u) = u**3 + 6*u**2 + 15*u + 32. Determine p(-4).
4
Let o(r) = -15*r. Calculate o(-2).
30
Let v(s) = s**3 - 11*s**2 + 7*s + 9. Give v(4).
-75
Let m(y) = y + 2. What is m(1)?
3
Let d(l) = l**2 + 10*l + 35. Calculate d(-8).
19
Let k(f) = -f**3 - 16*f**2 - 28*f - 8. Give k(-14).
-8
Let b(a) = 9*a**2 + 6*a + 7. Give b(-2).
31
Let z(j) = 7*j**3 - 2*j**2 - 3*j - 1. What is z(-1)?
-7
Let o(q) = 3*q**2 - 41*q - 58. Calculate o(15).
2
Let b(d) = d - 25. What is b(14)?
-11
Let r(i) = i**3 + 4*i**2 - i - 7. Calculate r(-4).
-3
Let v(u) = 15*u**3 - u**2 + 4*u + 5. What is v(-1)?
-15
Let q(i) = i**3 + i**2 + 10*i - 30. Give q(3).
36
Let b(q) = -q**3 + 11*q**2 - 13*q + 23. Calculate b(10).
-7
Let i(s) = 90*s**3 + 4*s**2 + 3*s. Calculate i(-1).
-89
Let f(j) = 3*j - 10. Determine f(7).
11
Let r(q) = -19*q**2 - 2*q + 1. Give r(1).
-20
Let k(c) = -4*c - 38. What is k(-8)?
-6
Let t(r) = r**2 - 9*r - 8. What is t(10)?
2
Let p(m) = -12*m - 132. Give p(-13).
24
Let g(y) = -8*y + 21. What is g(5)?
-19
Let v(p) = p - 1. Give v(-7).
-8
Let j(g) = g**3 - 6*g**2 + 3*g + 4. What is j(6)?
22
Let b(l) = -l**3 + 9*l + 1. Calculate b(-4).
29
Let a(f) = -57*f - 1. What is a(-1)?
56
Let q(w) = -w**3 + 43*w**2 + 42*w + 82. Give q(44).
-6
Let t(k) = 5*k**3 - 4*k + 5. Determine t(1).
6
Let v(p) = 12*p. Determine v(-3).
-36
Let x(v) = -3*v + 39. What is x(17)?
-12
Let n(l) = l**3 + 2*l + 14. Determine n(0).
14
Let n(q) = q - 12. What is n(7)?
-5
Let w(i) = -4*i + 27. What is w(12)?
-21
Let c(f) = -6*f - 30. Give c(5).
-60
Let s(q) = -q**3 - 3*q**2 - 2*q + 4. What is s(2)?
-20
Let f(b) = b**3 - 22*b**2 - 23*b - 3. Calculate f(23).
-3
Let b(g) = 14*g. Determine b(1).
14
Let m(r) = r**3 + 11*r**2 + 12*r - 6. Determine m(-9).
48
Let w(v) = v**2 - 12*v - 2. Calculate w(-6).
106
Let i(h) = 12*h**2 + 20*h + 1. Calculate i(-1).
-7
Let p(i) = 2*i**2 + 17*i + 4. Determine p(-7).
-17
Let q(m) = -m**3 - 7*m**2 + 5*m - 14. What is q(-8)?
10
Let t(b) = b**3 + 15*b**2 + 15*b + 22. Determine t(-14).
8
Let q(w) = 2*w**2 - 11*w + 4. Calculate q(0).
4
Let p(s) = 29*s + 205. Give p(-7).
2
Let i(y) = -24*y - 47. Calculate i(-3).
25
Let r(z) = z + 6. Calculate r(1).
7
Let u(j) = j**3 - 8*j**2 + 4. Determine u(7).
-45
Let s(d) = -d - 16. Calculate s(-17).
1
Let m(t) = -t**2 + 16*t - 19. Give m(16).
-19
Let l(i) = i**2 + 5*i + 7. Determine l(-5).
7
Let x(o) = 3*o**3 - 45*o**2 - 2*o + 12. Give x(15).
-18
Let o(a) = 3*a**2 - 1. Determine o(3).
26
Let t(j) = -2*j**3 - 72*j**2 + 75*j + 41. Calculate t(-37).
4
Let t(r) = 28*r**2 - r - 2. What is t(-2)?
112
Let w(c) = 2*c**2 - 12*c + 22. Calculate w(3).
4
Let w(n) = -46*n + 21. Give w(2).
-71
Let z(w) = -w**3 + 13*w**2 - 2*w - 13. What is z(13)?
-39
Let j(h) = -h**2 + 8*h. What is j(8)?
0
Let r(z) = -z**2 + 5*z + 20. Give r(6).
14
Let g(a) = a**3 - 6*a**2 + 3*a - 5. Give g(6).
13
Let x(a) = -2*a**2 - 12*a + 3. Determine x(-6).
3
Let p(j) = -14*j - 244. What is p(-16)?
-20
Let w(h) = -28*h + 46. What is w(2)?
-10
Let h(x) = x + 2. Determine h(-10).
-8
Let j(u) = -3*u - 